{"id":5168,"date":"2025-10-09T17:28:08","date_gmt":"2025-10-09T15:28:08","guid":{"rendered":"https:\/\/protospain.com\/catalogo\/politique-de-confidentialite\/"},"modified":"2026-01-23T11:11:04","modified_gmt":"2026-01-23T10:11:04","slug":"politique-de-confidentialite","status":"publish","type":"page","link":"https:\/\/protofrance.com\/catalogo\/politique-de-confidentialite\/","title":{"rendered":"Politique de confidentialit\u00e9"},"content":{"rendered":"\t\t<div data-elementor-type=\"wp-page\" data-elementor-id=\"5168\" class=\"elementor elementor-5168 elementor-3\" data-elementor-settings=\"{&quot;page_masthead_image_height&quot;:{&quot;unit&quot;:&quot;px&quot;,&quot;size&quot;:900,&quot;sizes&quot;:[]},&quot;page_masthead_image_height_tablet&quot;:{&quot;unit&quot;:&quot;vh&quot;,&quot;size&quot;:70,&quot;sizes&quot;:[]},&quot;page_masthead_image_height_mobile&quot;:{&quot;unit&quot;:&quot;vh&quot;,&quot;size&quot;:50,&quot;sizes&quot;:[]},&quot;page_masthead_background_position_x&quot;:{&quot;unit&quot;:&quot;%&quot;,&quot;size&quot;:50,&quot;sizes&quot;:[]},&quot;page_masthead_background_position_x_tablet&quot;:{&quot;unit&quot;:&quot;%&quot;,&quot;size&quot;:50,&quot;sizes&quot;:[]},&quot;page_masthead_background_position_x_mobile&quot;:{&quot;unit&quot;:&quot;%&quot;,&quot;size&quot;:50,&quot;sizes&quot;:[]},&quot;page_masthead_background_position_y&quot;:{&quot;unit&quot;:&quot;%&quot;,&quot;size&quot;:50,&quot;sizes&quot;:[]},&quot;page_masthead_background_position_y_tablet&quot;:{&quot;unit&quot;:&quot;%&quot;,&quot;size&quot;:50,&quot;sizes&quot;:[]},&quot;page_masthead_background_position_y_mobile&quot;:{&quot;unit&quot;:&quot;%&quot;,&quot;size&quot;:50,&quot;sizes&quot;:[]}}\">\n\t\t\t\t<div class=\"elementor-element elementor-element-3b33f9d e-flex e-con-boxed e-con e-parent\" data-id=\"3b33f9d\" data-element_type=\"container\">\n\t\t\t\t\t<div class=\"e-con-inner\">\n\t\t\t\t<div class=\"elementor-element elementor-element-7d7a3367 elementor-widget elementor-widget-text-editor\" data-id=\"7d7a3367\" data-element_type=\"widget\" data-widget_type=\"text-editor.default\">\n\t\t\t\t\t\t\t\t\t<p><strong>Titulaire<\/strong> : PRODICEX SOLUTIONS, S.L.<\/p>\n<p> <\/p>\n<p><strong>Adresse<\/strong> : Parc technologique des Asturies, B\u00e2timent CEEI, 33428 Llanera, Asturies, Espagne<\/p>\n<p><strong>Contact<\/strong> : info@protofrance.com ou +33 7 55 53 87 70<\/p>\n<p><strong>Donn\u00e9es d\u2019enregistrement<\/strong> : Inscrite au Registre du Commerce des Asturies, Tome 4.000, Folio 203, Feuille AS-44532, Inscription 1<\/p>\n<p><strong>N\u00b0 de TVA (C.I.F.)<\/strong> : B74335845<\/p>\n<p>PRODICEX SOLUTIONS, S.L. ne peut \u00eatre tenue responsable de l\u2019utilisation incorrecte, inappropri\u00e9e ou illicite des informations figurant sur les pages Internet de http:\/\/www.prodicex.com.<br>Dans les limites pr\u00e9vues par la loi, PRODICEX SOLUTIONS, S.L. d\u00e9cline toute responsabilit\u00e9 quant au manque de v\u00e9racit\u00e9, d\u2019exhaustivit\u00e9, de mise \u00e0 jour ou d\u2019exactitude des donn\u00e9es ou informations contenues sur son site Internet.<\/p>\n<p>Les pages Internet de http:\/\/www.prodicex.com peuvent contenir des liens vers des sites web de tiers que PRODICEX SOLUTIONS, S.L. ne peut pas contr\u00f4ler. Par cons\u00e9quent, PRODICEX SOLUTIONS, S.L. ne saurait \u00eatre tenue responsable du contenu pouvant appara\u00eetre sur ces sites tiers.<\/p>\n<p>Les textes, images, sons, animations, logiciels et autres contenus inclus sur ce site web sont la propri\u00e9t\u00e9 exclusive de PRODICEX SOLUTIONS, S.L. ou de ses conc\u00e9dants de licence. Toute transmission, distribution, cession, reproduction, stockage ou communication publique, totale ou partielle, doit faire l\u2019objet d\u2019une autorisation expresse de PRODICEX SOLUTIONS, S.L.<\/p>\n<p>Afin d\u2019acc\u00e9der \u00e0 certains des services propos\u00e9s par PRODICEX SOLUTIONS, S.L. via ce site web, il pourra vous \u00eatre demand\u00e9 de fournir certaines donn\u00e9es \u00e0 caract\u00e8re personnel. Conform\u00e9ment \u00e0 la Loi Organique 15\/1999 du 13 d\u00e9cembre relative \u00e0 la protection des donn\u00e9es \u00e0 caract\u00e8re personnel, nous vous informons que les donn\u00e9es personnelles fournies par le biais des formulaires de ce site seront int\u00e9gr\u00e9es et trait\u00e9es dans les fichiers de PRODICEX SOLUTIONS, S.L., dans le but de fournir et proposer nos services, ainsi que de vous informer des am\u00e9liorations du site web. Vous \u00eates inform\u00e9 de la possibilit\u00e9 d\u2019exercer vos droits d\u2019acc\u00e8s, de rectification, de suppression et d\u2019opposition concernant vos donn\u00e9es personnelles en \u00e9crivant \u00e0 info@protofrance.com ou \u00e0 l\u2019adresse suivante :<br>Parc technologique des Asturies \u2013 B\u00e2timent CEEI, 33428 Llanera (Asturies), Espagne.<\/p>\n<h2>Politique de confidentialit\u00e9 \u2013 Protection des donn\u00e9es<\/h2>\n<p>La pr\u00e9sente politique de confidentialit\u00e9 s\u2019applique \u00e0 l\u2019ensemble du site web, comprenant toutes les pages et sous-pages accessibles via ce domaine, \u00e0 l\u2019exception des sites web accessibles par des liens hypertextes, pour lesquels PRODICEX SOLUTIONS, S.L. d\u00e9cline toute responsabilit\u00e9 quant \u00e0 leurs politiques de confidentialit\u00e9 et de protection des donn\u00e9es.<\/p>\n<p>Conform\u00e9ment au R\u00e8glement G\u00e9n\u00e9ral sur la Protection des Donn\u00e9es (RGPD) \u2013 R\u00e8glement (UE) 2016\/679, nous vous informons que les donn\u00e9es personnelles fournies via ce site web ou par contact direct (courrier \u00e9lectronique) seront int\u00e9gr\u00e9es dans un ou plusieurs registres d\u2019activit\u00e9s de traitement, dont le responsable du traitement est PRODICEX SOLUTIONS, S.L., CIF B74335845, domicili\u00e9e au Parc technologique des Asturies, CEEI, 33428 Llanera, Asturies.<br>T\u00e9l\u00e9phone : +33 7 55 53 87 70<br>Courrier \u00e9lectronique : info@protofrance.com<\/p>\n<p>Les donn\u00e9es fournies seront trait\u00e9es aux fins suivantes :<br>r\u00e9pondre aux demandes ou consultations re\u00e7ues via le site web ou par courrier \u00e9lectronique ;<br>fournir nos services de fabrication de pi\u00e8ces pour l\u2019automobile et les grandes ing\u00e9nieries (d\u00e9nomination commerciale Protospain) ; r\u00e9aliser les d\u00e9marches administratives et commerciales li\u00e9es \u00e0 la vente de produits ou \u00e0 la prestation de services ; \u00e9tablir les d\u00e9lais de garantie ou de r\u00e9clamation le cas \u00e9ch\u00e9ant ; maintenir la communication avec vous et traiter vos demandes ou l\u2019exercice de vos droits l\u00e9gaux.<\/p>\n<p>Les donn\u00e9es demand\u00e9es sont n\u00e9cessaires et pertinentes pour les finalit\u00e9s indiqu\u00e9es. En l\u2019absence de fourniture de ces donn\u00e9es, il ne sera pas possible de fournir nos services ou de vendre nos produits.<\/p>\n<p>En acceptant le pr\u00e9sent avis l\u00e9gal, vous reconnaissez que les donn\u00e9es personnelles collect\u00e9es sont n\u00e9cessaires, exactes et v\u00e9ridiques, et vous autorisez express\u00e9ment leur traitement et leur conservation aux fins indiqu\u00e9es.<\/p>\n<p>Nous vous prions d\u2019informer imm\u00e9diatement PRODICEX SOLUTIONS, S.L. de toute modification de vos donn\u00e9es personnelles afin de garantir leur exactitude.<\/p>\n<p>Les donn\u00e9es personnelles seront conserv\u00e9es pendant toute la dur\u00e9e de la relation commerciale et\/ou de la prestation de services. Une fois celle-ci termin\u00e9e, les donn\u00e9es seront conserv\u00e9es de mani\u00e8re bloqu\u00e9e pendant les d\u00e9lais l\u00e9gaux de prescription, g\u00e9n\u00e9ralement 10 ans, conform\u00e9ment \u00e0 la Loi Organique 7\/2012 du 27 d\u00e9cembre.<\/p>\n<p>Aucune donn\u00e9e personnelle ne sera c\u00e9d\u00e9e ou transmise \u00e0 des tiers sans votre consentement pr\u00e9alable, sauf obligation l\u00e9gale.<\/p>\n<p>Si vous nous envoyez votre curriculum vitae (CV), vos donn\u00e9es seront trait\u00e9es afin de g\u00e9rer votre candidature ou de vous inclure dans de futurs processus de recrutement. Pass\u00e9 un d\u00e9lai de 3 ans \u00e0 compter de la r\u00e9ception du CV, PRODICEX SOLUTIONS, S.L. proc\u00e9dera \u00e0 sa destruction. Al hacernos llegar su CV usted reconoce que la informaci\u00f3n y datos personales facilitados son suyos, exactos y ciertos, habiendo sido remitidos voluntariamente por usted y considerando los mismos como necesarios para el proceso de selecci\u00f3n de personal. Vous d\u00e9clarez que les informations fournies sont exactes, v\u00e9ridiques et envoy\u00e9es volontairement. Merci de ne pas inclure dans votre CV de donn\u00e9es sensibles (id\u00e9ologie, religion, sant\u00e9, vie sexuelle, etc.). Dans le cas contraire, le CV sera d\u00e9truit sans \u00eatre trait\u00e9.<\/p>\n<p>Merci de ne pas inclure dans votre CV de donn\u00e9es sensibles (id\u00e9ologie, religion, sant\u00e9, vie sexuelle, etc.). Vous disposez des droits suivants :<br>droit d\u2019acc\u00e8s ;<br>droit de rectification ;<br>droit \u00e0 l\u2019effacement ;<br>droit \u00e0 la limitation du traitement ;<br>droit \u00e0 la portabilit\u00e9 des donn\u00e9es ;<br>droit de ne pas faire l\u2019objet de d\u00e9cisions automatis\u00e9es. Y podr\u00e1 adem\u00e1s solicitar la portabilidad de sus datos con el fin de que usted pueda usarlos para otras funciones o servicios de su inter\u00e9s. Vous pouvez exercer ces droits en nous contactant \u00e0 l\u2019adresse postale ou \u00e9lectronique indiqu\u00e9e ci-dessus.<\/p>\n<p>Les formulaires n\u00e9cessaires vous seront fournis gratuitement.<\/p>\n<p>Vous pouvez \u00e9galement introduire une r\u00e9clamation aupr\u00e8s de l\u2019autorit\u00e9 de contr\u00f4le comp\u00e9tente :. Agencia Espa\u00f1ola de Protecci\u00f3n de Datos<br>Calle Jorge Juan 6<br>28001 Madrid \u2013 Espagne<\/p>\n<p>Notre serveur peut envoyer \u00e0 votre ordinateur un fichier (\u00ab cookie \u00bb) afin de recueillir des informations relatives \u00e0 la langue s\u00e9lectionn\u00e9e et \u00e0 la navigation. Vous pouvez configurer votre navigateur pour refuser l\u2019installation des cookies \u00e0 tout moment.<\/p>\n<p>PRODICEX SOLUTIONS S.L. se compromete a tratar de una manera absolutamente confidencial sus datos de car\u00e1cter personal y a utilizarlos \u00fanicamente para las finalidades indicadas. PRODICEX SOLUTIONS, S.L. applique des mesures de s\u00e9curit\u00e9 techniques et organisationnelles appropri\u00e9es afin de garantir la confidentialit\u00e9, l\u2019int\u00e9grit\u00e9 et la s\u00e9curit\u00e9 des donn\u00e9es personnelles, conform\u00e9ment au RGPD. Le tout conform\u00e9ment aux dispositions du RGPD.<\/p>\t\t\t\t\t\t\t\t<\/div>\n\t\t\t\t\t<\/div>\n\t\t\t\t<\/div>\n\t\t\t\t<\/div>\n\t\t","protected":false},"excerpt":{"rendered":"<p>Titulaire : PRODICEX SOLUTIONS, S.L. Adresse : Parc technologique des Asturies, B\u00e2timent CEEI, 33428 Llanera, Asturies, Espagne Contact : info@protofrance.com ou +33 7 55 53 87 70 Donn\u00e9es d\u2019enregistrement : Inscrite au Registre du Commerce des Asturies, Tome 4.000, Folio 203, Feuille AS-44532, Inscription 1 N\u00b0 de TVA (C.I.F.) : B74335845 PRODICEX SOLUTIONS, S.L. ne [&hellip;]<\/p>\n","protected":false},"author":1,"featured_media":0,"parent":0,"menu_order":0,"comment_status":"closed","ping_status":"open","template":"","meta":{"_acf_changed":false,"footnotes":""},"class_list":["post-5168","page","type-page","status-publish","hentry"],"acf":[],"_links":{"self":[{"href":"https:\/\/protofrance.com\/catalogo\/wp-json\/wp\/v2\/pages\/5168","targetHints":{"allow":["GET"]}}],"collection":[{"href":"https:\/\/protofrance.com\/catalogo\/wp-json\/wp\/v2\/pages"}],"about":[{"href":"https:\/\/protofrance.com\/catalogo\/wp-json\/wp\/v2\/types\/page"}],"author":[{"embeddable":true,"href":"https:\/\/protofrance.com\/catalogo\/wp-json\/wp\/v2\/users\/1"}],"replies":[{"embeddable":true,"href":"https:\/\/protofrance.com\/catalogo\/wp-json\/wp\/v2\/comments?post=5168"}],"version-history":[{"count":1,"href":"https:\/\/protofrance.com\/catalogo\/wp-json\/wp\/v2\/pages\/5168\/revisions"}],"predecessor-version":[{"id":5169,"href":"https:\/\/protofrance.com\/catalogo\/wp-json\/wp\/v2\/pages\/5168\/revisions\/5169"}],"wp:attachment":[{"href":"https:\/\/protofrance.com\/catalogo\/wp-json\/wp\/v2\/media?parent=5168"}],"curies":[{"name":"wp","href":"https:\/\/api.w.org\/{rel}","templated":true}]}}